557.
13
Calculate the remainder when 67970 is divided by 104.
58
What is the remainder when 24003 is divided by 116?
107
What is the remainder when 17738 is divided by 105?
98
Calculate the remainder when 958977 is divided by 330.
327
Calculate the remainder when 4340 is divided by 428.
60
What is the remainder when 14102 is divided by 24?
14
Calculate the remainder when 104342 is divided by 1355.
7
Calculate the remainder when 940 is divided by 163.
125
Calculate the remainder when 1600 is divided by 319.
5
Calculate the remainder when 6296 is divided by 45.
41
What is the remainder when 335752 is divided by 6?
4
What is the remainder when 3627 is divided by 457?
428
Calculate the remainder when 3662 is divided by 169.
113
Calculate the remainder when 73844 is divided by 6152.
20
Calculate the remainder when 182 is divided by 66.
50
Calculate the remainder when 20521 is divided by 181.
68
What is the remainder when 2510 is divided by 558?
278
Calculate the remainder when 70233 is divided by 3344.
9
What is the remainder when 85643 is divided by 101?
96
What is the remainder when 15484 is divided by 67?
7
Calculate the remainder when 4361 is divided by 545.
1
Calculate the remainder when 6734 is divided by 671.
24
What is the remainder when 32128 is divided by 12?
4
Calculate the remainder when 1084 is divided by 461.
162
Calculate the remainder when 5709198 is divided by 100.
98
What is the remainder when 201493 is divided by 71?
66
What is the remainder when 135371 is divided by 3148?
7
What is the remainder when 849 is divided by 482?
367
Calculate the remainder when 10776 is divided by 2691.
12
What is the remainder when 2941 is divided by 2820?
121
Calculate the remainder when 8366 is divided by 23.
17
What is the remainder when 12335 is divided by 1025?
35
Calculate the remainder when 1422319 is divided by 20.
19
Calculate the remainder when 19730 is divided by 50.
30
Calculate the remainder when 80090 is divided by 40031.
28
Calculate the remainder when 19601 is divided by 2450.
1
Calculate the remainder when 67383 is divided by 1375.
8
What is the remainder when 15914701 is divided by 21?
19
Calculate the remainder when 7623 is divided by 106.
97
Calculate the remainder when 1988487 is divided by 22.
17
Calculate the remainder when 10846 is divided by 517.
506
Calculate the remainder when 1596 is divided by 690.
216
What is the remainder when 590974 is divided by 36?
34
Calculate the remainder when 584 is divided by 172.
68
Calculate the remainder when 37601 is divided by 209.
190
Calculate the remainder when 15168 is divided by 791.
139
Calculate the remainder when 125559 is divided by 1531.
17
What is the remainder when 180234 is divided by 615?
39
Calculate the remainder when 109119 is divided by 320.
319
What is the remainder when 3758 is divided by 48?
14
What is the remainder when 475685 is divided by 54?
53
What is the remainder when 305 is divided by 12?
5
Calculate the remainder when 1221 is divided by 92.
25
What is the remainder when 336 is divided by 57?
51
Calculate the remainder when 381866 is divided by 823.
817
Calculate the remainder when 28855 is divided by 39.
34
What is the remainder when 748 is divided by 124?
4
Calculate the remainder when 356289 is divided by 13.
11
What is the remainder when 54036 is divided by 26992?
52
What is the remainder when 25401 is divided by 2782?
363
What is the remainder when 15005 is divided by 34?
11
Calculate the remainder when 5137 is divided by 27.
7
What is the remainder when 2171 is divided by 2112?
59
What is the remainder when 18135 is divided by 339?
168
What is the remainder when 2656 is divided by 1166?
324
Calculate the remainder when 6690 is divided by 445.
15
Calculate the remainder when 178559 is divided by 37.
34
Calculate the remainder when 59837 is divided by 136.
133
What is the remainder when 43200 is divided by 5382?
144
Calculate the remainder when 324352 is divided by 97.
81
What is the remainder when 1595 is divided by 263?
17
Calculate the remainder when 9147 is divided by 352.
347
What is the remainder when 65498 is divided by 16373?
6
Calculate the remainder when 148122 is divided by 103.
8
Calculate the remainder when 2052 is divided by 57.
0
What is the remainder when 2584 is divided by 637?
36
What is the remainder when 1688 is divided by 254?
164
Calculate the remainder when 31338 is divided by 1119.
6
What is the remainder when 13662 is divided by 56?
54
What is the remainder when 31427 is divided by 642?
611
Calculate the remainder when 232571 is divided by 342.
11
Calculate the remainder when 94875 is divided by 383.
274
Calculate the remainder when 9237 is divided by 136.
125
Calculate the remainder when 84968 is divided by 438.
434
What is the remainder when 12430 is divided by 4137?
19
What is the remainder when 18225 is divided by 18116?
109
What is the remainder when 59784 is divided by 511?
508
Calculate the remainder when 9445 is divided by 326.
317
Calculate the remainder when 73052 is divided by 6638.
34
Calculate the remainder when 342520 is divided by 256.
248
Calculate the remainder when 7015 is divided by 1026.
859
What is the remainder when 94853 is divided by 242?
231
Calculate the remainder when 17424 is divided by 61.
39
Calculate the remainder when 8753 is divided by 379.
36
Calculate the remainder when 11334 is divided by 8.
6
What is the remainder when 1614 is divided by 257?
72
Calculate the remainder when 30340 is divided by 2751.
79
Calculate the remainder when 8790 is divided by 41.
16
Calculate the remainder when 40037 is divided by 308.
305
Calculate the remainder when 79337 is divided by 50.
37
Calculate the remainder when 9942 is divided by 2477.
34
What is the remainder when 75093 is divided by 14?
11
Calculate the remainder when 4126 is divided by 1025.
26
Calculate the remainder when 353527 is divided by 10.
7
Calculate the remainder when 3836 is divided by 601.
230
What is the remainder when 3353 is divided by 425?
378
What is the remainder when 468737 is divided by 9014?
9
Calculate the remainder when 17064 is divided by 342.
306
Calculate the remainder when 350504 is divided by 1835.
19
Calculate the remainder when 8056 is divided by 1606.
26
Calculate the remainder when 500 is divided by 41.
8
What is the remainder when 27085 is divided by 1241?
1024
Calculate the remainder when 17956 is divided by 5924.
184
Calculate the remainder when 1831 is divided by 149.
43
Calculate the remainder when 6605 is divided by 765.
485
What is the remainder when 111569 is divided by 242?
7
Calculate the remainder when 3594 is divided by 1768.
58
What is the remainder when 251162 is divided by 18?
8
What is the remainder when 53151 is divided by 13?
7
Calculate the remainder when 1696 is divided by 826.
44
What is the remainder when 1309 is divided by 587?
135
What is the remainder when 73790 is divided by 602?
346
Calculate the remainder when 2904 is divided by 226.
192
What is the remainder when 1600 is divided by 80?
0
What is the remainder when 94226 is divided by 44?
22
What is the remainder when 7385 is divided by 240?
185
What is the remainder when 2778 is divided by 461?
12
What is the remainder when 27173 is divided by 697?
687
Calculate the remainder when 819416 is divided by 516.
8
What is the remainder when 1032 is divided by 235?
92
Calculate the remainder when 1276 is divided by 12.
4
What is the remainder when 152820 is divided by 1415?
0
What is the remainder when 1838 is divided by 366?
8
Calculate the remainder when 67352 is divided by 481.
12
What is the remainder when 44300 is divided by 106?
98
Calculate the remainder when 1017 is divided by 909.
108
What is the remainder when 12262 is divided by 261?
256
Calculate the remainder when 35162 is divided by 118.
116
What is the remainder when 72797 is divided by 2614?
2219
Calculate the remainder when 88581 is divided by 15.
6
Calculate the remainder when 3798 is divided by 35.
18
Calculate the remainder when 66358 is divided by 24.
22
Calculate the remainder when 45787 is divided by 106.
101
What is the remainder when 16691 is divided by 243?
167
What is the remainder when 5533 is divided by 621?
565
Calculate the remainder when 3415 is divided by 946.
577
What